 common factor of 1058 and 26?
2
Calculate the highest common divisor of 5831 and 30702.
119
What is the highest common divisor of 13 and 106639?
13
Calculate the greatest common factor of 657 and 16569.
9
Calculate the greatest common divisor of 3 and 79683.
3
What is the highest common factor of 6 and 339948?
6
What is the highest common factor of 14 and 506674?
14
What is the highest common factor of 27469 and 39?
13
What is the greatest common factor of 468331 and 95?
19
Calculate the greatest common factor of 84 and 370797.
21
What is the greatest common factor of 2432 and 25232?
304
Calculate the highest common factor of 9 and 18141.
3
Calculate the highest common factor of 16668 and 444.
12
Calculate the highest common divisor of 171 and 1962909.
171
What is the highest common factor of 219 and 1916907?
219
Calculate the greatest common divisor of 162888 and 1416.
24
What is the highest common factor of 23120 and 6715?
85
Calculate the highest common divisor of 108272 and 32.
16
Calculate the greatest common factor of 1620 and 54180.
180
What is the highest common divisor of 1245158 and 2487?
829
What is the highest common divisor of 16480 and 65405?
515
What is the greatest common factor of 46 and 557198?
46
Calculate the highest common divisor of 1305612 and 630.
126
Calculate the greatest common factor of 3975 and 3657.
159
What is the greatest common factor of 22245 and 120?
15
What is the highest common divisor of 11696386 and 13?
13
Calculate the greatest common divisor of 39104 and 1.
1
Calculate the greatest common factor of 14973 and 414.
69
What is the highest common factor of 58377 and 29?
29
Calculate the greatest common divisor of 128363 and 207.
23
Calculate the highest common factor of 93 and 411339.
93
What is the highest common divisor of 1503 and 17883?
9
What is the greatest common divisor of 245430 and 522?
18
What is the greatest common divisor of 6 and 116574?
6
What is the highest common factor of 3 and 71637?
3
What is the highest common factor of 1763036 and 119?
17
What is the greatest common divisor of 5244 and 58368?
228
Calculate the highest common divisor of 5025 and 975.
75
Calculate the greatest common divisor of 41 and 14760.
41
Calculate the greatest common factor of 360666 and 216.
54
Calculate the highest common divisor of 4975 and 153230.
995
Calculate the highest common divisor of 784 and 3024.
112
Calculate the highest common divisor of 558892 and 68.
68
Calculate the highest common divisor of 73840 and 11180.
260
Calculate the highest common divisor of 3465 and 34980.
165
Calculate the greatest common divisor of 1050 and 20130.
30
Calculate the greatest common divisor of 1085 and 3441.
31
What is the highest common divisor of 966 and 10318?
14
What is the highest common factor of 61900 and 10?
10
What is the greatest common factor of 137202 and 117?
39
What is the highest common factor of 18 and 984141?
9
What is the greatest common divisor of 1717851 and 1743?
249
Calculate the highest common factor of 288 and 2672.
16
Calculate the highest common factor of 26256 and 600.
24
What is the greatest common divisor of 11551869 and 126?
63
Calculate the highest common divisor of 189635 and 44965.
1955
What is the highest common factor of 420868 and 84?
28
Calculate the highest common divisor of 12 and 35076.
12
What is the highest common factor of 6804 and 1848?
84
Calculate the greatest common factor of 14504 and 1184.
296
What is the greatest common factor of 25128 and 144?
72
What is the highest common divisor of 7880 and 332?
4
What is the highest common divisor of 6486 and 738323?
1081
What is the highest common factor of 71 and 83851?
71
What is the highest common divisor of 708 and 3877716?
708
What is the greatest common divisor of 28 and 414155?
7
What is the greatest common factor of 5260 and 2242075?
1315
Calculate the highest common factor of 4977 and 627813.
711
Calculate the greatest common factor of 1185 and 1110.
15
What is the greatest common factor of 544 and 56916?
68
What is the greatest common factor of 557312 and 384?
128
What is the greatest common factor of 140 and 3493?
7
What is the highest common factor of 32 and 12920?
8
What is the greatest common divisor of 20692 and 1932?
28
Calculate the highest common factor of 320 and 298720.
160
What is the greatest common factor of 8094 and 427491?
213
Calculate the highest common factor of 17 and 2315876.
17
Calculate the greatest common divisor of 1734 and 2958.
102
What is the greatest common factor of 59182 and 37746?
466
What is the highest common factor of 7469 and 12474?
77
What is the greatest common divisor of 664 and 11624?
8
Calculate the greatest common divisor of 12930 and 90.
30
Calculate the greatest common factor of 218148 and 12.
12
What is the greatest common divisor of 88152 and 78?
6
What is the highest common divisor of 120 and 46896?
24
Calculate the greatest common divisor of 1 and 7876.
1
Calculate the highest common factor of 12294 and 36.
18
Calculate the highest common factor of 1641110 and 87.
29
What is the greatest common factor of 340 and 398956?
68
What is the highest common factor of 245 and 90895?
245
What is the highest common divisor of 40138 and 1269?
47
What is the highest common divisor of 8 and 758?
2
Calculate the highest common divisor of 194 and 448528.
194
What is the highest common factor of 1157 and 134657?
89
What is the greatest common divisor of 350 and 310?
10
Calculate the greatest common factor of 12956 and 869.
79
What is the highest common divisor of 4658 and 578?
34
Calculate the highest common divisor of 12950 and 1250.
50
Calculate the highest common factor of 1705 and 12595.
55
Calculate the highest common divisor of 35577 and 27612.
531
What is the greatest common divisor of 11487 and 567?
21
What is the greatest common factor of 44769 and 3?
3
Calculate the highest common factor of 438870 and 60.
30
Calculate the highest common factor of 176 and 643568.
16
What is the greatest common factor of 77691 and 95?
19
What is the greatest common factor of 432 and 121328?
16
Calculate the highest common factor of 375 and 9120.
15
Calculate the highest common factor of 146912 and 128.
32
Calculate the highest common divisor of 789 and 903.
3
What is the greatest common factor of 138 and 31884?
6
Calculate the highest common factor of 16784 and 736.
16
What is the highest common factor of 60 and 131940?
60
Calculate the greatest common factor of 966 and 13248.
138
What is the highest common factor of 158 and 150574?
158
Calculate the greatest common divisor of 403900 and 1750.
350
What is the greatest common divisor of 136140 and 120?
60
What is the highest common factor of 94917 and 87?
87
What is the highest common divisor of 423 and 393766?
47
Calculate the highest common divisor of 82 and 778.
2
Calculate the highest common factor of 14986 and 177.
59
What is the greatest common divisor of 92 and 207391?
23
Calculate the highest common divisor of 4512 and 34686.
282
Calculate the highest common factor of 1270 and 70430.
10
What is the greatest common divisor of 186599 and 266?
133
Calculate the highest common divisor of 3 and 2746239.
3
What is the highest common factor of 11214 and 98?
14
What is the highest common divisor of 26 and 254657?
13
What is the highest common factor of 452 and 16385?
113
What is the highest common factor of 40096 and 6?
2
Calculate the greatest common factor of 6 and 58026.
6
Calculate the highest common divisor of 342 and 49203.
9
Calculate the greatest common factor of 406 and 3540117.
203
Calculate the greatest common divisor of 326 and 613206.
326
Calculate the highest common divisor of 803 and 25331.
73
What is the greatest common factor of 4844 and 238?
14
What is the highest common divisor of 1962552 and 48?
24
What is the highest common factor of 18 and 1063224?
18
Calculate the highest common factor of 37497 and 19395.
1293
Calculate the greatest common divisor of 174641 and 323.
17
Calculate the highest common divisor of 31179 and 106118.
547
Calculate the highest common factor of 107677 and 29.
29
Calculate the highest common divisor of 1298781 and 891.
297
Calculate the greatest common divisor of 200 and 153800.
200
Calculate the greate